 of a(s)?
5
Let p(b) be the third derivative of 0*b - 1/2*b**3 - 11/24*b**4 - 3*b**2 - 1/60*b**5 + 0. List the prime factors of p(-10).
7
Let r = 72 - 14. List the prime factors of r.
2, 29
Let f(l) = -3*l - 2. Let k = 0 + -4. List the prime factors of f(k).
2, 5
Let b(g) = -g**3 + 6*g**2 + 5*g + 8. Let f be b(6). Let y = f - 15. List the prime factors of y.
23
Let g be ((-3)/(-5))/(4/20). Suppose -4*z - g*f + 27 = -0*f, -3*z + 3*f = 6. List the prime factors of z.
3
Let m(i) = i**2 - 4*i - 3. Let h be m(5). Let s = 8 - h. List the prime factors of s.
2, 3
Suppose -5 = r + 5*t, 0 = -5*r + 4*t - 3*t + 27. Let s(f) = -2*f + 0 + 3*f + 4. List the prime factors of s(r).
3
Let d(r) = -r**3 - 6*r**2 - 6*r - 2. Let o(c) = -6*c**2 + c. Let k be o(1). Let g be d(k). Suppose -2*u + 3*u = g. What are the prime factors of u?
3
Suppose 3*j = -j + 20. Suppose 3*m + 9 + j = 4*n, -3*m - 20 = 2*n. What are the prime factors of (m/2)/(-1) - 0?
3
Suppose 5*a - 2*a = 6. List the prime factors of (-3)/a*(-4 - 0).
2, 3
Let t be 2/(0 + 3/6). Suppose -w = t*h - 8*h + 16, 3 = -h + 2*w. List the prime factors of h.
5
Let t(y) = 5*y. Suppose f = -3*c - 2*c + 10, 4 = -2*f + 2*c. Let p = f - -1. What are the prime factors of t(p)?
5
Let m = -2 + 26. Suppose -m = -2*j - j. What are the prime factors of j?
2
Let a = 17 - 12. Suppose 2*q = 5*q - 5*f - 2, -a*f = 3*q - 22. What are the prime factors of q?
2
Suppose -k = 4*u + 12, -3*k + 2*k + 3*u = 12. Let s = -4 - k. List the prime factors of s.
2
What are the prime factors of (3500/6)/2 - (-2)/(-3)?
3, 97
Suppose 1330 = 16*g - 9*g. What are the prime factors of g?
2, 5, 19
Let m(t) = -17*t + 5. Let r be m(5). Let d(l) = -l**3 + 7*l**2 - 8*l + 1. Let k be d(6). What are the prime factors of (-2)/k + r/(-44)?
2
Suppose -5*v - 10 = -2*r, 3*v - r + 5 + 2 = 0. Let t = v - -9. List the prime factors of t.
5
Let v be 0 + -2 + 1 - -3. Suppose v*g = -0*g + 88. Suppose 5*l = d - 2*d + 113, 0 = 2*l + d - g. List the prime factors of l.
23
Let c = 45 - 23. Let l = 60 - c. What are the prime factors of l?
2, 19
Suppose -4*o - 42 = -2*o. Let u = 34 + o. List the prime factors of u.
13
Let x = 60 + 40. Suppose -o = -4*z - 20, 4*o + o + z - x = 0. What are the prime factors of o?
2, 5
Suppose 0 = r - 4, 3*p - 23 = -4*r - 7. Let f(c) = c + 21. List the prime factors of f(p).
3, 7
Let j = -21 - -11. Let y be -2*((-34)/4 + 0). Let l = j + y. What are the prime factors of l?
7
Let g = 10 - 6. Suppose 0 = 5*w - 4*h - 21, 0 = -2*w + h + g + 2. What are the prime factors of 15 - (2 - 2)/w?
3, 5
List the prime factors of -85*(-2 + (4 - 3)).
5, 17
Let o(d) = d**3 + 6*d**2 + d. What are the prime factors of o(-5)?
2, 5
Suppose 2*g + 27 - 101 = 0. What are the prime factors of g?
37
Let h be -2 + 7 - 3/1. Suppose h*o = 6*o - 172. What are the prime factors of o?
43
Suppose 0 = -4*w - 5*f - 105, 3*w + 2*f + 40 = 6*f. List the prime factors of (16/w)/(2/(-20)).
2
Let o be 0 + 124 + -3 + -1. Suppose 0*p - p = 1, -5*l + o = -5*p. What are the prime factors of l?
23
Let m(d) = d**3 + 7*d**2 + 9*d + 9. Let y be m(-6). Let v be ((-64)/12)/((-4)/(-12)). Let b = y - v. List the prime factors of b.
7
Let o = 12 - 8. Suppose -15 = -o*v + 5. Suppose -v*c + c + 28 = 0. List the prime factors of c.
7
Suppose -b - 5 = 0, 0 = 6*c - c - b + 5. List the prime factors of (c - -5)*-1 - -14.
11
Let i be 16/(-4) - (-1 - -2). Let d(v) = v**2 + 3*v - 2. What are the prime factors of d(i)?
2
Let m = -7 - -10. Suppose -8 = -m*y + 31. List the prime factors of y.
13
Let o(k) = k**3 + 15*k**2 + 17*k + 17. What are the prime factors of o(-13)?
2, 67
Let a(u) = 7*u**3 + 6*u**2 - 12*u + 15. Let j(q) = -13*q**3 - 12*q**2 + 23*q - 29. Let d(s) = -11*a(s) - 6*j(s). List the prime factors of d(-7).
2
Suppose 693 + 178 = 4*y + 3*o, -3*y - o + 647 = 0. What are the prime factors of y?
2, 107
Let l(q) = -q + 9. Let k be l(9). Let r(m) = 1 + 1 + 1 + m. List the prime factors of r(k).
3
Let q(r) = r**3 + 10*r**2 + 6*r - 33. List the prime factors of q(-8).
47
Suppose -q - q = 0. Let c = q - 2. What are the prime factors of (-2)/(c/(0 - -4))?
2
Let m = 3 - 5. Let r be (-12)/(1/3*m). Suppose 0 = 4*c - s - 61 + r, 3 = 3*s. List the prime factors of c.
11
Suppose 4*u - 71 + 235 = 0. Let o = u - -61. Let c = o + -11. List the prime factors of c.
3
Let o(d) = -d**3 + 12*d**2 - 6*d + 3. What are the prime factors of o(6)?
3, 61
What are the prime factors of 1/3 + 24372/108?
2, 113
Suppose -3*k = 5*c - c - 25, 0 = -3*c + 12. Suppose -4*f + 5*n + 41 = 0, 0*n - 3*n - 7 = 2*f. Suppose -f*q + 81 = -k. What are the prime factors of q?
3, 7
Suppose -t - 2*t = 2*u - 33, u + 42 = 5*t. Let k(q) = -q**2 + 11*q - 11. Let f be k(t). Suppose -2 = -3*g + f. List the prime factors of g.
3
Let l(w) be the second derivative of w**4/12 + w**3/6 - 2*w**2 - 2*w. Let t(m) = -m**3 - 2*m**2 + 5*m + 3. Let p be t(-3). List the prime factors of l(p).
2
Suppose -r + 119 = 4*d, 4*d = 3*r + 4 - 313. What are the prime factors of r?
107
Let g(r) = -r**3 + 13*r**2 - 12*r + 8. What are the prime factors of g(12)?
2
What are the prime factors of (-2 - 6/(-9))/(1/(-24))?
2
Suppose 4*d = 4*t + 3*d - 301, 4*d + 379 = 5*t. Suppose 2*q = 10, s + q + t = 5*s. List the prime factors of s.
2, 5
Let k be 19 - (-3 - 0 - -3). Suppose a + 8 = -2*m, a - 2*a = -4*m - 22. Let c = k + m. List the prime factors of c.
2, 7
What are the prime factors of 38 + 1*1/(-1)?
37
Suppose 0 = -2*q + 3*z - 6*z + 31, 0 = -2*z + 10. List the prime factors of (-2)/(3 - 25/q).
2
Suppose -4*i + 3*c = -198, i - 2*i + 2*c = -47. List the prime factors of i.
3, 17
Let y(u) = -u**3 - 5*u**2 - u - 5. Let w be y(-5). Suppose -f + 6*f = w. Suppose -2*j = -f*j - 28. What are the prime factors of j?
2, 7
Let r(o) = o**3 + 5*o**2 - o - 7. Let x be r(-5). Let t be ((-48)/(-20))/(x/15). List the prime factors of ((-2)/3)/(3/t).
2
Suppose -5*p - 46 + 106 = 0. Suppose -23 = p*a - 13*a. What are the prime factors of a?
23
Let i(r) = 3*r**2 + 2*r + 3. Let l = -2 - -4. Suppose 4*d = 20, -3*m - l*d = -1 - 3. List the prime factors of i(m).
11
Let q(w) = 2*w**2 - 2*w. Let s be q(2). Let d(u) = -5*u + 2. Let h(k) = 9*k - 5. Let r(x) = 5*d(x) + 3*h(x). What are the prime factors of r(s)?
3
Suppose 0 = -2*i - 10, 0 = 2*y + y + 3*i - 39. What are the prime factors of y?
2, 3
List the prime factors of 33 - 3*(-6)/9.
5, 7
Suppose -3*b + 47 = 2*k, -6*b + 3*b = 3. What are the prime factors of k?
5
List the prime factors of ((-64)/(-20))/((-6)/(-435)).
2, 29
Suppose -5*z - 3*f + 338 = 0, -165 = -5*z + 2*f + 193. What are the prime factors of z?
2, 5, 7
Let u be 1*(0 + 0 - -6). Let a(k) be the first derivative of -k**3/3 + 9*k**2/2 - 9*k + 8. What are the prime factors of a(u)?
3
Suppose -4*f + 37 = f - 4*j, 4*j + 12 = 0. Suppose -f*h + 0*h = -4*o - 155, -80 = -3*h + 5*o. List the prime factors of h.
5, 7
Let o(f) = -3*f**2 + 4*f - 2. Let g(a) = -10*a**2 + 13*a - 7. Let q(m) = 2*g(m) - 7*o(m). Let u be q(4). Suppose 3*c + c = u. What are the prime factors of c?
2
Suppose -2*f - l + 121 + 38 = 0, 2*l - 10 = 0. Suppose 0*w = -5*a + 4*w + 104, 0 = 4*a + 3*w - f. List the prime factors of a.
2, 5
Suppose -3*n - 3*d = 39, 3*n + 0*d + d + 49 = 0. Let y(w) = -3*w**2 + 2*w + 1. Let v be y(2). Let m = v - n. What are the prime factors of m?
11
Let c(j) = -228*j**3 - 2*j - 1. What are the prime factors of c(-1)?
229
Let j(b) = 2*b + 2. Let a be j(3). Let w(z) = 4*z + 18. Let g(m) = m + 6. Let c(q) = -7*g(q) + 2*w(q). What are the prime factors of c(a)?
2
Let m(s) = 12*s - 2. What are the prime factors of m(13)?
2, 7, 11
Let b = -198 - -86. Let z = -76 - b. List the prime factors of z.
2, 3
Let m(g) = g**3 + 9*g**2 + 15*g + 4. List the prime factors of m(-4).
2, 3
Suppose 0 = -5*c + 4*c - 3. List the prime factors of (-1)/(c - (-82)/28).
2, 7
Let x(s) be the third derivative of s**6/120 - s**5/60 - s**4/12 + s**3/3 + 4*s**2. What are the prime factors of x(2)?
2
Suppose -f + 10 = -13. Suppose -3*q + 4*q - f = 0. What are the prime factors of q?
23
Let d be 935/35 - 2/(-7). Suppose -z - 5*t - d + 5 = 0, 0 = z - 2*t + 15. Let p = -6 - z. What are the prime factors of p?
11
Suppose -3*t + 117 = -0*t. List the prime factors of t.
3, 13
Let i(b) = -b + 10. Let f be i(5). Suppose f*u - 34 = 1. List the 